{"version":"1.0","provider_name":"\u00c1giiiiii Kicsi Vil\u00e1ga","provider_url":"https:\/\/agikicsivilaga.cafeblog.hu","author_name":"\u00c1gi Gruber","author_url":"https:\/\/agikicsivilaga.cafeblog.hu\/author\/agi_gruber\/","title":"Csokis muffin","html":"<div><u><b>EGYSZER\u0170 CSOKIS MUFFIN\u00a0<\/b><\/u><\/div>\r\n<p><br \/> Mostan\u00e1ban egyre t\u00f6bbet gondolkodom azon, mikor d\u00f6nt\u00f6ttem el, hogy cukr\u00e1sz szeretn\u00e9k lenni. Igaz\u00e1b\u00f3l arra jutottam, hogy fogalmam sincs:) De abban szinte biztos vagyok, hogy muffin s\u00fct\u00f6get\u00e9ssel kezd\u0151d\u00f6tt a cukr\u00e1sz \"p\u00e1lyafut\u00e1som\". :)<br \/> <\/p>\r\n<div><a style=\"margin-left: 1em;margin-right: 1em\" href=\"https:\/\/agikicsivilaga.cafeblog.hu\/files\/2015\/04\/MG_6223-600x400.jpg\"><img src=\"https:\/\/agikicsivilaga.cafeblog.hu\/files\/2015\/04\/MG_6223-600x400.jpg\" alt=\"\" border=\"0\" \/><\/a><\/div>\r\n<div>\u00a0<\/div>\r\n<div>\u00c9s arra is r\u00e1j\u00f6ttem, hogy t\u00f6bb, mint 80 receptem van m\u00e1r a blogomon, de a kedvenc muffin receptemet m\u00e9g nem osztottam meg veletek:)<br \/> <\/div>\r\n<div>\u00a0<\/div>\r\n<div><b><u>HOZZ\u00c1VAL\u00d3K:\u00a0<\/u><\/b><\/div>\r\n<div>(k\u00f6r\u00fclbel\u00fcl 12 darabhoz)<br \/> <b><br \/><\/b><\/div>\r\n<div><b>150 g cukor\u00a0<\/b><\/div>\r\n<div><b>100 g rama\u00a0<\/b><\/div>\r\n<div><b>3 darab toj\u00e1s\u00a0<\/b><\/div>\r\n<div><b>150 g liszt\u00a0<\/b><\/div>\r\n<div><b>15 g hollandkaka\u00f3\u00a0<\/b><\/div>\r\n<div><b>f\u00e9l csomag s\u00fct\u0151por\u00a0<\/b><\/div>\r\n<div><b>1 kicsi gy\u00fcm\u00f6lcsjoghurt\u00a0<\/b><\/div>\r\n<div>\u00a0<\/div>\r\n<div><b><u>ELK\u00c9SZ\u00cdT\u00c9SE:\u00a0<\/u><\/b><\/div>\r\n<div>\u00a0<\/div>\r\n<div>A szoba-h\u0151m\u00e9rs\u00e9klet\u0171 ram\u00e1t habosra keverj\u00fck a cukorral, majd hozz\u00e1adjuk egyes\u00e9vel a toj\u00e1sokat. Mindegyik toj\u00e1st j\u00f3 alaposan elkeverj\u00fck robotg\u00e9ppel. Amikor m\u00e1r homog\u00e9n a massza, hozz\u00e1adjuk az \u00f6sszekevert sz\u00e1raz hozz\u00e1val\u00f3kat (liszt + hollandkaka\u00f3t\u00a0+ s\u00fct\u0151por). \u00dagy szoktam csin\u00e1lni, hogy a lisztes kever\u00e9ket m\u00e1r fakan\u00e1llal keverem hozz\u00e1 a massz\u00e1hoz.<br \/> <\/div>\r\n<div>Nagyon s\u0171r\u0171 massz\u00e1t kapunk, de ha hozz\u00e1adjuk a joghurtot, akkor fel fog lazulni. A joghurt lehet b\u00e1rmilyen \u00edzes\u00edt\u00e9s\u0171, ak\u00e1r nat\u00far is, de ha nincs itthon joghurtotok, akkor lekv\u00e1r is t\u00f6k\u00e9letes lesz:)\u00a0<\/div>\r\n<div>\u00a0<\/div>\r\n<div><a style=\"margin-left: 1em;margin-right: 1em\" href=\"https:\/\/agikicsivilaga.cafeblog.hu\/files\/2015\/04\/MG_6231-400x600.jpg\"><img src=\"https:\/\/agikicsivilaga.cafeblog.hu\/files\/2015\/04\/MG_6231-400x600.jpg\" alt=\"\" width=\"426\" height=\"640\" border=\"0\" \/><\/a><\/div>\r\n<div>\u00a0<\/div>\r\n<div>Most m\u00e1r sokkal laz\u00e1bb a massz\u00e1nk, \u00edgy m\u00e1r egyszer\u0171en be tudunk t\u00f6lteni egy nagy kan\u00e1llal a muffin pap\u00edrokba. Fontos, hogy csak <u>h\u00e1romnegyedig t\u00f6lts\u00fck<\/u> bele a massz\u00e1t, k\u00fcl\u00f6nben ki fog folyni s\u00fct\u00e9s k\u00f6zben.\u00a0<\/div>\r\n<div>\u00a0<\/div>\r\n<div>V\u00e9g\u00fcl a muffinokat el\u0151meleg\u00edtett s\u00fct\u0151ben <b><u>150 fokon 20-25 percig<\/u><\/b> s\u00fctj\u00fck.\u00a0<\/div>\r\n<div>\u00a0<\/div>\r\n<div><a style=\"margin-left: 1em;margin-right: 1em\" href=\"https:\/\/agikicsivilaga.cafeblog.hu\/files\/2015\/04\/MG_6221-400x600.jpg\"><img src=\"https:\/\/agikicsivilaga.cafeblog.hu\/files\/2015\/04\/MG_6221-400x600.jpg\" alt=\"\" width=\"426\" height=\"640\" border=\"0\" \/><\/a><\/div>\r\n<div>\u00a0<\/div>\r\n<div>Azt (is) szeretem a muffinban, hogy b\u00e1rhogy lehet d\u00edsz\u00edteni, t\u00e1lalni, fogyasztani \u0151ket. Lehet mag\u00e1ban is enni, esetleg csoki cseppel vagy csoki darabokkal d\u00edsz\u00edteni. De tehet\u00fcnk r\u00e1 b\u00e1rmilyen kr\u00e9met<i>, <\/i>vagy m\u00e9g nyers \u00e1llapotban tehet\u00fcnk bele gy\u00fcm\u00f6lcs\u00f6ket is:)<br \/> <br \/> Eddig ilyen muffinokat k\u00e9sz\u00edtettem:)<br \/> <\/div>\r\n<div><a style=\"margin-left: 1em;margin-right: 1em\" href=\"https:\/\/agikicsivilaga.cafeblog.hu\/files\/2015\/04\/IMG_4665-600x600.jpg\"><img src=\"https:\/\/agikicsivilaga.cafeblog.hu\/files\/2015\/04\/IMG_4665-600x600.jpg\" alt=\"\" width=\"640\" height=\"640\" border=\"0\" \/><\/a><\/div>\r\n<div><a style=\"margin-left: 1em;margin-right: 1em\" href=\"https:\/\/agikicsivilaga.cafeblog.hu\/files\/2015\/04\/IMG_4666-600x600.jpg\"><img src=\"https:\/\/agikicsivilaga.cafeblog.hu\/files\/2015\/04\/IMG_4666-600x600.jpg\" alt=\"\" width=\"640\" height=\"640\" border=\"0\" \/><\/a><\/div>\r\n<div><a style=\"margin-left: 1em;margin-right: 1em\" href=\"https:\/\/agikicsivilaga.cafeblog.hu\/files\/2015\/04\/IMG_4669-600x600.jpg\"><img src=\"https:\/\/agikicsivilaga.cafeblog.hu\/files\/2015\/04\/IMG_4669-600x600.jpg\" alt=\"\" width=\"640\" height=\"640\" border=\"0\" \/><\/a><\/div>\r\n<div>\u00a0<\/div>\r\n<div>Rem\u00e9lem Ti is kedvet kaptatok a muffin s\u00fct\u00e9shez:)<br \/> <br \/> J\u00f3 muffinoz\u00e1st,<br \/> \u00c1giiiiii<\/div>","type":"rich","thumbnail_url":"https:\/\/agikicsivilaga.cafeblog.hu\/files\/2015\/04\/MG_6223-150x150.jpg","thumbnail_width":150,"thumbnail_height":150}

Ágiiiiii Kicsi Világa

Ági Gruber

<div><u><b>EGYSZERŰ CSOKIS MUFFIN </b></u></div>
<p><br /> Mostanában egyre többet gondolkodom azon, mikor döntöttem el, hogy cukrász szeretnék lenni. Igazából arra jutottam, hogy fogalmam sincs:) De abban szinte biztos vagyok, hogy muffin sütögetéssel kezdődött a cukrász "pályafutásom". :)<br /> </p>
<div><a style="margin-left: 1em;margin-right: 1em" href="https://agikicsivilaga.cafeblog.hu/files/2015/04/MG_6223-600x400.jpg"><img src="https://agikicsivilaga.cafeblog.hu/files/2015/04/MG_6223-600x400.jpg" alt="" border="0" /></a></div>
<div> </div>
<div>És arra is rájöttem, hogy több, mint 80 receptem van már a blogomon, de a kedvenc muffin receptemet még nem osztottam meg veletek:)<br /> </div>
<div> </div>
<div><b><u>HOZZÁVALÓK: </u></b></div>
<div>(körülbelül 12 darabhoz)<br /> <b><br /></b></div>
<div><b>150 g cukor </b></div>
<div><b>100 g rama </b></div>
<div><b>3 darab tojás </b></div>
<div><b>150 g liszt </b></div>
<div><b>15 g hollandkakaó </b></div>
<div><b>fél csomag sütőpor </b></div>
<div><b>1 kicsi gyümölcsjoghurt </b></div>
<div> </div>
<div><b><u>ELKÉSZÍTÉSE: </u></b></div>
<div> </div>
<div>A szoba-hőmérsékletű ramát habosra keverjük a cukorral, majd hozzáadjuk egyesével a tojásokat. Mindegyik tojást jó alaposan elkeverjük robotgéppel. Amikor már homogén a massza, hozzáadjuk az összekevert száraz hozzávalókat (liszt + hollandkakaót + sütőpor). Úgy szoktam csinálni, hogy a lisztes keveréket már fakanállal keverem hozzá a masszához.<br /> </div>
<div>Nagyon sűrű masszát kapunk, de ha hozzáadjuk a joghurtot, akkor fel fog lazulni. A joghurt lehet bármilyen ízesítésű, akár natúr is, de ha nincs itthon joghurtotok, akkor lekvár is tökéletes lesz:) </div>
<div> </div>
<div><a style="margin-left: 1em;margin-right: 1em" href="https://agikicsivilaga.cafeblog.hu/files/2015/04/MG_6231-400x600.jpg"><img src="https://agikicsivilaga.cafeblog.hu/files/2015/04/MG_6231-400x600.jpg" alt="" width="426" height="640" border="0" /></a></div>
<div> </div>
<div>Most már sokkal lazább a masszánk, így már egyszerűen be tudunk tölteni egy nagy kanállal a muffin papírokba. Fontos, hogy csak <u>háromnegyedig töltsük</u> bele a masszát, különben ki fog folyni sütés közben. </div>
<div> </div>
<div>Végül a muffinokat előmelegített sütőben <b><u>150 fokon 20-25 percig</u></b> sütjük. </div>
<div> </div>
<div><a style="margin-left: 1em;margin-right: 1em" href="https://agikicsivilaga.cafeblog.hu/files/2015/04/MG_6221-400x600.jpg"><img src="https://agikicsivilaga.cafeblog.hu/files/2015/04/MG_6221-400x600.jpg" alt="" width="426" height="640" border="0" /></a></div>
<div> </div>
<div>Azt (is) szeretem a muffinban, hogy bárhogy lehet díszíteni, tálalni, fogyasztani őket. Lehet magában is enni, esetleg csoki cseppel vagy csoki darabokkal díszíteni. De tehetünk rá bármilyen krémet<i>, </i>vagy még nyers állapotban tehetünk bele gyümölcsöket is:)<br /> <br /> Eddig ilyen muffinokat készítettem:)<br /> </div>
<div><a style="margin-left: 1em;margin-right: 1em" href="https://agikicsivilaga.cafeblog.hu/files/2015/04/IMG_4665-600x600.jpg"><img src="https://agikicsivilaga.cafeblog.hu/files/2015/04/IMG_4665-600x600.jpg" alt="" width="640" height="640" border="0" /></a></div>
<div><a style="margin-left: 1em;margin-right: 1em" href="https://agikicsivilaga.cafeblog.hu/files/2015/04/IMG_4666-600x600.jpg"><img src="https://agikicsivilaga.cafeblog.hu/files/2015/04/IMG_4666-600x600.jpg" alt="" width="640" height="640" border="0" /></a></div>
<div><a style="margin-left: 1em;margin-right: 1em" href="https://agikicsivilaga.cafeblog.hu/files/2015/04/IMG_4669-600x600.jpg"><img src="https://agikicsivilaga.cafeblog.hu/files/2015/04/IMG_4669-600x600.jpg" alt="" width="640" height="640" border="0" /></a></div>
<div> </div>
<div>Remélem Ti is kedvet kaptatok a muffin sütéshez:)<br /> <br /> Jó muffinozást,<br /> Ágiiiiii</div>
